-2
What is -3 - ((-4 - (-4 + 2 + 6)) + 13)?
-8
What is (-4 - (-2 + -11)) + (-21 - 12) + 10?
-14
Evaluate 2 + -3 + (8 - 5) - 8.
-6
Evaluate 12 + -24 + 46 + -23.
11
What is the value of -17 + 8 + 4 - (5 - (-3 - -3))?
-10
What is the value of -4 + 6 + 8 + -18?
-8
What is the value of -19 + 17 + 3 - (10 - -2)?
-11
Calculate -1014 + 971 + (30 - 0).
-13
((-1 - -7) + 2 - -1) + -9 + 9
9
4 - (-9 + 25 + -11)
-1
Evaluate -9 + (-6 + 9 - (-1 + -9)).
4
What is (0 - 15) + (2 - -46 - 55)?
-22
What is the value of 0 + (2 - (21 - 14)) + 7?
2
Evaluate 449 + -467 + (1 - -12).
-5
What is 21 - 13 - (-1 + 19)?
-10
Evaluate -2 + 0 + 8 + -9 + -6 + -1.
-10
What is -2 - 18 - (84 - 90)?
-14
What is 7 + -4 + 11 + (-10 - -6)?
10
-3 + (1 - (-11 - (-7 + 1 + 12)))
15
What is 166 - 145 - (-18 + 8)?
31
Evaluate 6 + 1 + (-12 + 17 - 3).
9
Evaluate -21 - ((1 - -3) + (-30 - (-5 + -14))).
-14
Evaluate 12 + (6 + (0 - 11) - 9).
-2
What is the value of (-19 - 1) + (27 - 37) + 43?
13
Calculate -1 + (3 - (-1 + -1)) + (-6 - -17).
15
2 + 0 + 10 + (-652 - -658)
18
Calculate -1 - (-3 + -2 + 9 + (2 - 4)).
-3
Calculate -37 - -37 - (-1 + -6) - (41 - 3).
-31
What is the value of -41 + (16 - 6 - -20)?
-11
Evaluate (1 - 1) + -10 + 11 + -12 + -2.
-13
-12 + (10 - 13 - -3)
-12
What is -61 + -25 + 55 + -1?
-32
What is 17 + -35 + (15 - 6)?
-9
What is 0 - (-11 - (-1 - 3) - -33)?
-26
What is -10 + (7 - -2) + 5?
4
Evaluate -4 + (7 - 0) + 2.
5
Calculate -56 - -64 - (-3 + 7 + 7).
-3
Calculate 10 - (2 - -1) - (1286 + -1288).
9
What is the value of 7 + -5 - -15 - (7 - 1 - 0)?
11
What is 1 - (13 - 9) - -2?
-1
Evaluate (-1 + 1 + -7 - (-25 - -19)) + 10.
9
Evaluate 57 + -56 + 1 + -2.
0
30 - (6 + (7 - (-4 - (-4 + -5))))
22
Calculate 306 - 275 - (21 + 2).
8
Calculate (-16 - -23) + (-16 - (4 - 6)).
-7
Calculate (-3 - -7) + 3 + (93 - 87).
13
What is -23 - (-6 + 3) - (0 - (-2 - 0))?
-22
(22 - 60) + 58 - 28
-8
Evaluate ((18 - 2) + 2 - (82 - 71)) + -40.
-33
What is (-27 + 56 - 32) + -11?
-14
What is 16 + 1 + -1 + 9 + -9 + -5?
11
What is 0 + 1 - (-11 + -16 + 27)?
1
Calculate -36 - (-1 + (-4 - 13 - -6)).
-24
What is -85 + 96 + (-1 - 1 - -9)?
18
Evaluate (18 + -40 - -29) + (3 - 7) + 16.
19
What is -10 - (1 + (1 - 10) + -16)?
14
What is (-15 - -6) + (-6 - (-24 - -11)) - -30?
28
-10 + (-9 - -31) + -22
-10
What is the value of -120 - -125 - (2 + (1 - -11))?
-9
What is -25 - 33 - 17 - -41?
-34
Evaluate ((-4 - 3) + 1 - -2) + -9 - -6.
-7
-1 + -2 + 4 + 0
1
What is the value of (8 - 0 - (-37 + 25 + 2)) + -3?
15
(50 - 15) + 12 + -19 + -7
21
10 + 1 - -1 - (26 - 1)
-13
What is -5 + 14 - (1 + -3) - (-6 + 14)?
3
Calculate 14 + -27 - -5 - (1 - 0).
-9
Evaluate -17 - -5 - (-15 + 2).
1
-1 + -1 + -1 - 2 - (669 - 659)
-15
What is the value of 16 + (7 - 14) + -2 + -2 - 16?
-11
What is the value of 8 + (-8 - (-5 + 19)) - -34?
20
What is -14 - (-7 + (9 - 16))?
0
Evaluate -7 + (0 - 7) + 3 + 0 + 12.
1
6 + (9 - 45) + (0 - -6)
-24
What is the value of 20 + -18 + -2 + (-9 - 1)?
-10
What is 1 + -5 + (-1 - -17) + (-8 - 29)?
-25
Evaluate -5 + (-2 - 2) - ((5 - 3) + -4).
-7
Evaluate 1 + (2 - (5 + -6 + (6 - -6))).
-8
What is -14 - -12 - (-6 - 0) - 12?
-8
Calculate 0 - (12 - (8 - -16)).
12
What is the value of 19 + -15 - (-7 - (0 + -14))?
-3
What is the value of (18 - 1 - (62 - 8)) + 2 + 1?
-34
Evaluate 16 - (-13 - ((9 - 22) + 2)).
18
Evaluate (-42 - -13) + 13 - 0.
-16
Calculate 1 + 3 - (2 + -23) - 11.
14
What is the value of 10 + 3 + -8 - 11 - (3 - 17)?
8
Calculate 13 + (-8 - 14) + 17.
8
-99 + 108 + (-1 - (6 + 0))
2
Calculate -29 + (-11 - (-18 - -4 - 9)).
-17
Calculate 1 + 1 + 45 + -22 + -28.
-3
Calculate -18 - (-3 + 17 + -19).
-13
What is the value of 5 + -9 + 9 - -6?
11
What is -37 - (18 + -21 - 43)?
9
12 + (-11 - (-4 + 16))
-11
Evaluate (-1212 + 1211 - (1 + 10 + -1)) + -10.
-21
Calculate (1 - (16 + (-7 - -2))) + (4 - 15).
-21
What is (-10 - -18) + (120 - 110)?
18
Calculate -7 + 4 + -4 - (1 + -1 + 5).
-12
Evaluate -12 + (-6 - -17) + -8 + 20 + 12.
23
Calculate -129 - -142 - ((-7 - -4) + (0 - -1)).
15
What is the value of 21 + -13 - (6 + -12)?
14
-18 + (28 - 9) + (-23 - -29)
7
Calculate 8 - (-16 + -12 + 38 + -13).
11
Evaluate -2 + (-1 + 8 - (3 + (12 - 9))).
-1
What is the value of 2 + -14 + 2 + (15 - 13)?
-8
Evaluate 21 + -14 + -40 + (8 - 3).
-28
Calculate 1 + -7 - (-2 - -1) - 0 - 0.
-5
What is -13 + 24 + 6 - (-4 + 13 + -3)?
11
Calculate -5 + (5 - -1) + 11.
12
1 + -8 - (-89 - -90)
-8
What is (18 - 5) + -1 + -17?
-5
What is the value of -1 - (-3 - -4 - 5 - 3)?
6
(-1 - 9) + 5 + 1 + 8
4
What is -11 + (60 - 29) + -10?
10
Evaluate (-2 - 6) + 4 + -2 + -10.
-16
Evaluate 6 + -8 + -3 - (-54 + 34).
15
Evaluate -1 - (-19 - 1) - (13 - (2 - -5)).
13
-29 - (3 - 1 - (47 + -38))
-22
What is the value of 8 - (-5 - (9 + -1 + -2))?
19
Calculate 336 + -306 + (-2 - 2).
26
3 + 5 - ((23 - 42) + 9)
18
Evaluate 1 - (3 - 6) - (-6 - (-1 - 7)).
2
What is 332 + -333 - (-13 - -2 - -1 - 0)?
9
What is -15 + (15 - (-4 - 7))?
11
What is the value of -4 - (24 - 6 - 25)?
3
-1 + 9 + 1 - (-25 + 1 - -12)
21
What is 78 - 71 - (1 - (14 - 5))?
15
What is 4 + 0 + -4 - (3 + 6)?
-9
What is 11 + (-11 + 1 + -8 - -10)?
3
What is the value of -9 - (9 - (0 - -25))?
7
Evaluate (1 - (0 - -6)) + 19 - 2.
12
-1 + -43 + 76 + -41
-9
What is 26 - 36 - -8 - -18?
16
11 + -10 + -6 - (-7 + 3)
-1
What is the value of 13 + (-8 - 27 - (-7 + -3))?
-12
Evaluate (-1 - -9) + 8 + -43 + (9 - 5).
-23
Calculate (0 - -2) + 6 - -1 - (339 + -343).
13
What is the value of (299 - 165) + -134 + (27 + 0 - 0)?
27
14 - ((19 - -4) + -12)
3
Evaluate 13 - (-24 + (28 - 6)).
15
-5 - (6 - (23 + (1 - 3)))
10
What is the value of (3 - (6 + -5 + 8 + -6)) + -1?
-1
What is 0 + (-25 - (-67 + 38))?
4
What is 9 - ((87 - 31) + -37)?
-10
What is the value of 25 - (54 - 26) - (-1 + 0 + -15)?
13
What is the value of -35 - -31 - -10 - (-3 + 21)?
-12
-26 + 17 - (-4 + 0 + -3 + 4)
-6
Calculate 3 - ((11 - 8 - 6) + 6 + -5).
5
Calculate (-29 - -41) + -5 + (-3 - 2).
2
Evaluate (19 - (49 + 9)) + 44.
5
What is 2 - ((-3 - (-16 + -5)) + 6 + -6)?
-16
What is -1 + 1 + 7 + 23 + -11?
19
Calculate (9 + -7 - 5) + (33 - (7 + 0)).
23
3 - (14 - -6 - 5)
-12
Evaluate (21 - 46) + (-4 - -6).
-23
Calculate 40 + -1 + (-432 - -419).
26
Evaluate (20 - 16) + -25 + 10.
-11
What is -12 + -17 + 19 + -9 + -8?
-27
Calculate 26 + 4 - (-8 + 2 + 17).
19
Calculate 0 + (11 - 6) - (27 + 4 - 3).
-23
Calculate (17 - 5) + -2 - -2.
12
Evaluate -3 + 14 + (-13 - 5).
-7
Evaluate 18 + -2 + (-10 - -6) + -2.
10
Evaluate -6 + -12 + 23 + -13.
-8
What is 37 - (31 - 42 - -40)?
8
Calculate 5 + -1 + 5 + -12 - (-7 - -11).
-7
Evaluate -46 + 48 - (3 + (0 - 1)) - 9.
-9
Evaluate 27 + -15 + -14 + 19.
17
What is the value of (3 + 2 - -15 - 4) + -29 + 32?
19
(-19 - -28 - 16) + 29
22
What is the value of -5 - 8 - -12 - -3?
2
Evaluate -24 + 11 + (-1 - (9 - 14)).
-9
Calculate 5 + (3 - -6) + -18 + 26.
22
Calculate (-103 - -88) + (-5 - -7).
-13
Evaluate -3 - 1 - (30 + (-26 - -9)).
-17
Evaluate -30 + -35 + 65 + -6.
-6
What is the value of (3 - (10 + -10)) + -19?
-16
Evaluate -9 + (13 + 7 + -17 - -10).
4
What is the value of -5 - (-17 + 10 + -2)?
4
Evaluate 21 - ((17 - (-1 - -2)) + -10).
15
What is the value of -12 + (24 - (14 + -4))?
2
What is the value of -4 + (-12 - (-19 - -7))?
-4
What is -233 - -267 - (12 + -1)?
23
Evaluate (1 + (-2 - -4) - (53 + -57)) + -18.
-11
What is -49 - (-17 + (6 - 18))?
-20
Evaluate 5 + -10 + 1 + (20 - 19).
-3
What is the value of -3 + (-11 - (10 + -2) - -10)?
-12
Calculate 23 + -33 - (-3 + (5 - 5) - -1).
-8
Evaluate 10 + (0 + -5 - -3) + 14 + 1.
23
(1 - 9) + -121 + 126
-3
(1 + 10 - (-13 + 8 + 7)) + 11
20
What is the value of 105 + -102 + 0 + 8?
11
What is the value of -9 + (105 - 121) + 0 + 43?
18
Evaluate -5 + -3 + -58 + 55 - -36.
25
Calculate (6 - 3 - -9) + 49 + -53.
8
Evaluate 0 - 1 - 4 - 8 - -22.
9
What is -13 + 13 + 4 + (-1 - -1)?
4
227 + -257 - (-17 + 0)
-13
What is the value of -4 - (2 + 6 + (2 - (7 - 3)))?
-10
Calculate (-5 - (-1 - -2)) + (13 - 18) + 2.
-9
-13 - (-15 + -3 - -12)
-7
What is -12 - (3 - -12) - (-9 - 2 - -2)?
-18
(16 - 26) + (1 - 1) + 7
-3
Evaluate (5 - 0) + -16 - -19.
8
Evaluate 7 - (-15 + 3 + -12 + -1 + 9).
23
What is 0 - 5 - ((-5 - 4) + (-15 - -1))?
18
Calculate -3 + -3 + -10 + 11 + -6 + -16.
-27
What is (11 - (2 + -2)) + (-154 - -138)?
-5
What is the value of (-23 